[INFO] cloning repository https://github.com/mneumann/dla-rs
[INFO] running `Command { std: "git" "-c" "credential.helper=" "-c" "credential.helper=/workspace/cargo-home/bin/git-credential-null" "clone" "--bare" "https://github.com/mneumann/dla-rs" "/workspace/cache/git-repos/https%3A%2F%2Fgithub.com%2Fmneumann%2Fdla-rs", kill_on_drop: false }`
[INFO] [stderr] Cloning into bare repository '/workspace/cache/git-repos/https%3A%2F%2Fgithub.com%2Fmneumann%2Fdla-rs'...
[INFO] running `Command { std: "git" "rev-parse" "HEAD", kill_on_drop: false }`
[INFO] [stdout] d2b57956fff58c490ef7464f8dd0788a0d04b00f
[INFO] checking mneumann/dla-rs against master#af3c6e733a40e671550e0f0f5aeecaa13772ba56 for pr-74989
[INFO] running `Command { std: "git" "clone" "/workspace/cache/git-repos/https%3A%2F%2Fgithub.com%2Fmneumann%2Fdla-rs" "/workspace/builds/worker-7/source", kill_on_drop: false }`
[INFO] [stderr] Cloning into '/workspace/builds/worker-7/source'...
[INFO] [stderr] done.
[INFO] validating manifest of git repo https://github.com/mneumann/dla-rs on toolchain af3c6e733a40e671550e0f0f5aeecaa13772ba56
[INFO] running `Command { std: "/workspace/cargo-home/bin/cargo" "+af3c6e733a40e671550e0f0f5aeecaa13772ba56" "read-manifest" "--manifest-path" "Cargo.toml", kill_on_drop: false }`
[INFO] started tweaking git repo https://github.com/mneumann/dla-rs
[INFO] finished tweaking git repo https://github.com/mneumann/dla-rs
[INFO] tweaked toml for git repo https://github.com/mneumann/dla-rs written to /workspace/builds/worker-7/source/Cargo.toml
[INFO] crate git repo https://github.com/mneumann/dla-rs already has a lockfile, it will not be regenerated
[INFO] running `Command { std: "/workspace/cargo-home/bin/cargo" "+af3c6e733a40e671550e0f0f5aeecaa13772ba56" "fetch" "--locked" "--manifest-path" "Cargo.toml", kill_on_drop: false }`
[INFO] [stderr] error: the lock file /workspace/builds/worker-7/source/Cargo.lock needs to be updated but --locked was passed to prevent this
[INFO] [stderr] If you want to try to generate the lock file without accessing the network, use the --offline flag.
[INFO] the lockfile is outdated, regenerating it
[INFO] running `Command { std: "/workspace/cargo-home/bin/cargo" "+af3c6e733a40e671550e0f0f5aeecaa13772ba56" "generate-lockfile" "--manifest-path" "Cargo.toml" "-Zno-index-update", kill_on_drop: false }`
[INFO] [stderr]     Updating git repository `https://github.com/codahale/pcg.git`
[INFO] running `Command { std: "/workspace/cargo-home/bin/cargo" "+af3c6e733a40e671550e0f0f5aeecaa13772ba56" "fetch" "--locked" "--manifest-path" "Cargo.toml", kill_on_drop: false }`
[INFO] running `Command { std: "docker" "create" "-v" "/var/lib/crater-agent-workspace/builds/worker-7/target:/opt/rustwide/target:rw,Z" "-v" "/var/lib/crater-agent-workspace/builds/worker-7/source:/opt/rustwide/workdir:ro,Z" "-v" "/var/lib/crater-agent-workspace/cargo-home:/opt/rustwide/cargo-home:ro,Z" "-v" "/var/lib/crater-agent-workspace/rustup-home:/opt/rustwide/rustup-home:ro,Z" "-e" "SOURCE_DIR=/opt/rustwide/workdir" "-e" "CARGO_TARGET_DIR=/opt/rustwide/target" "-e" "CARGO_HOME=/opt/rustwide/cargo-home" "-e" "RUSTUP_HOME=/opt/rustwide/rustup-home" "-w" "/opt/rustwide/workdir" "-m" "1610612736" "--user" "0:0" "--network" "none" "rustops/crates-build-env@sha256:d92eaeed33fa75130ca1ee6c8a01d1ffb62bac859dfdfb3450e3e5d1c0146529" "/opt/rustwide/cargo-home/bin/cargo" "+af3c6e733a40e671550e0f0f5aeecaa13772ba56" "metadata" "--no-deps" "--format-version=1", kill_on_drop: false }`
[INFO] [stdout] 99c698e2c7b876feb62bb41bb2a11ff8415c6ef56b17dd91f0aa4b6669813bf5
[INFO] [stderr] WARNING: Your kernel does not support swap limit capabilities or the cgroup is not mounted. Memory limited without swap.
[INFO] running `Command { std: "docker" "start" "-a" "99c698e2c7b876feb62bb41bb2a11ff8415c6ef56b17dd91f0aa4b6669813bf5", kill_on_drop: false }`
[INFO] running `Command { std: "docker" "inspect" "99c698e2c7b876feb62bb41bb2a11ff8415c6ef56b17dd91f0aa4b6669813bf5", kill_on_drop: false }`
[INFO] running `Command { std: "docker" "rm" "-f" "99c698e2c7b876feb62bb41bb2a11ff8415c6ef56b17dd91f0aa4b6669813bf5", kill_on_drop: false }`
[INFO] [stdout] 99c698e2c7b876feb62bb41bb2a11ff8415c6ef56b17dd91f0aa4b6669813bf5
[INFO] running `Command { std: "docker" "create" "-v" "/var/lib/crater-agent-workspace/builds/worker-7/target:/opt/rustwide/target:rw,Z" "-v" "/var/lib/crater-agent-workspace/builds/worker-7/source:/opt/rustwide/workdir:ro,Z" "-v" "/var/lib/crater-agent-workspace/cargo-home:/opt/rustwide/cargo-home:ro,Z" "-v" "/var/lib/crater-agent-workspace/rustup-home:/opt/rustwide/rustup-home:ro,Z" "-e" "SOURCE_DIR=/opt/rustwide/workdir" "-e" "CARGO_TARGET_DIR=/opt/rustwide/target" "-e" "CARGO_INCREMENTAL=0" "-e" "RUST_BACKTRACE=full" "-e" "RUSTFLAGS=--cap-lints=forbid" "-e" "CARGO_HOME=/opt/rustwide/cargo-home" "-e" "RUSTUP_HOME=/opt/rustwide/rustup-home" "-w" "/opt/rustwide/workdir" "-m" "1610612736" "--user" "0:0" "--network" "none" "rustops/crates-build-env@sha256:d92eaeed33fa75130ca1ee6c8a01d1ffb62bac859dfdfb3450e3e5d1c0146529" "/opt/rustwide/cargo-home/bin/cargo" "+af3c6e733a40e671550e0f0f5aeecaa13772ba56" "check" "--frozen" "--all" "--all-targets" "--message-format=json", kill_on_drop: false }`
[INFO] [stdout] bcf67643a0ab4bd8a96b5a5a30b6e8a5c866edec4cd66d72581424550cef1dc1
[INFO] [stderr] WARNING: Your kernel does not support swap limit capabilities or the cgroup is not mounted. Memory limited without swap.
[INFO] running `Command { std: "docker" "start" "-a" "bcf67643a0ab4bd8a96b5a5a30b6e8a5c866edec4cd66d72581424550cef1dc1", kill_on_drop: false }`
[INFO] [stderr]    Compiling getrandom v0.1.15
[INFO] [stderr]     Checking cfg-if v0.1.10
[INFO] [stderr]     Checking color_quant v1.0.1
[INFO] [stderr]     Checking ppv-lite86 v0.2.9
[INFO] [stderr]     Checking bitflags v0.3.3
[INFO] [stderr]     Checking lzw v0.9.0
[INFO] [stderr]     Checking glob v0.2.11
[INFO] [stderr]    Compiling num-traits v0.2.12
[INFO] [stderr]    Compiling num-integer v0.1.43
[INFO] [stderr]    Compiling num-iter v0.1.41
[INFO] [stderr]    Compiling miniz-sys v0.1.12
[INFO] [stderr]     Checking rand v0.4.6
[INFO] [stderr]     Checking gif v0.7.0
[INFO] [stderr]     Checking rand_core v0.5.1
[INFO] [stderr]     Checking rand_chacha v0.2.2
[INFO] [stderr]     Checking rand v0.3.23
[INFO] [stderr]     Checking flate2 v0.2.20
[INFO] [stderr]     Checking rand v0.7.3
[INFO] [stderr]     Checking num-traits v0.1.43
[INFO] [stderr]     Checking num-complex v0.1.43
[INFO] [stderr]     Checking enum_primitive v0.1.1
[INFO] [stderr]     Checking num-bigint v0.1.44
[INFO] [stderr]     Checking png v0.4.3
[INFO] [stderr]     Checking pcg v0.0.1 (https://github.com/codahale/pcg.git#ab0a1581)
[INFO] [stdout] error[E0432]: unresolved import `rand::Rand`
[INFO] [stdout]  --> /opt/rustwide/cargo-home/git/checkouts/pcg-7b542cc1086e3f82/ab0a158/src/pcg.rs:1:30
[INFO] [stdout]   |
[INFO] [stdout] 1 | use rand::{Rng, SeedableRng, Rand};
[INFO] [stdout]   |                              ^^^^ no `Rand` in the root
[INFO] [stdout] 
[INFO] [stdout] 
[INFO] [stdout] error[E0407]: method `next_u32` is not a member of trait `Rng`
[INFO] [stdout]   --> /opt/rustwide/cargo-home/git/checkouts/pcg-7b542cc1086e3f82/ab0a158/src/pcg.rs:49:5
[INFO] [stdout]    |
[INFO] [stdout] 49 | /     fn next_u32(&mut self) -> u32 {
[INFO] [stdout] 50 | |         let old = self.state;
[INFO] [stdout] 51 | |         self.state = old.wrapping_mul(6364136223846793005)
[INFO] [stdout] 52 | |                         .wrapping_add(self.inc);
[INFO] [stdout] ...  |
[INFO] [stdout] 56 | |         out
[INFO] [stdout] 57 | |     }
[INFO] [stdout]    | |_____^ not a member of trait `Rng`
[INFO] [stdout] 
[INFO] [stdout] 
[INFO] [stdout] error[E0407]: method `reseed` is not a member of trait `SeedableRng`
[INFO] [stdout]   --> /opt/rustwide/cargo-home/git/checkouts/pcg-7b542cc1086e3f82/ab0a158/src/pcg.rs:62:5
[INFO] [stdout]    |
[INFO] [stdout] 62 | /     fn reseed(&mut self, seed: [u64; 2]) {
[INFO] [stdout] 63 | |         self.state = 0;
[INFO] [stdout] 64 | |         self.inc = (seed[1] << 1) | 1;
[INFO] [stdout] 65 | |         self.next_u32();
[INFO] [stdout] 66 | |         self.state = self.state.wrapping_add(seed[0]);
[INFO] [stdout] 67 | |         self.next_u32();
[INFO] [stdout] 68 | |     }
[INFO] [stdout]    | |_____^ not a member of trait `SeedableRng`
[INFO] [stdout] 
[INFO] [stdout] 
[INFO] [stdout] error[E0107]: wrong number of type arguments: expected 0, found 1
[INFO] [stdout]   --> /opt/rustwide/cargo-home/git/checkouts/pcg-7b542cc1086e3f82/ab0a158/src/pcg.rs:60:18
[INFO] [stdout]    |
[INFO] [stdout] 60 | impl SeedableRng<[u64; 2]> for PcgRng {
[INFO] [stdout]    |                  ^^^^^^^^ unexpected type argument
[INFO] [stdout] 
[INFO] [stdout] 
[INFO] [stdout] error: aborting due to 4 previous errors
[INFO] [stdout] 
[INFO] [stdout] 
[INFO] [stdout] Some errors have detailed explanations: E0107, E0407, E0432.
[INFO] [stdout] 
[INFO] [stdout] For more information about an error, try `rustc --explain E0107`.
[INFO] [stdout] 
[INFO] [stderr] error: could not compile `pcg`.
[INFO] [stderr] 
[INFO] [stderr] To learn more, run the command again with --verbose.
[INFO] [stderr] warning: build failed, waiting for other jobs to finish...
[INFO] [stderr] error: build failed
[INFO] running `Command { std: "docker" "inspect" "bcf67643a0ab4bd8a96b5a5a30b6e8a5c866edec4cd66d72581424550cef1dc1", kill_on_drop: false }`
[INFO] running `Command { std: "docker" "rm" "-f" "bcf67643a0ab4bd8a96b5a5a30b6e8a5c866edec4cd66d72581424550cef1dc1", kill_on_drop: false }`
[INFO] [stdout] bcf67643a0ab4bd8a96b5a5a30b6e8a5c866edec4cd66d72581424550cef1dc1
